181.90.212.138 - - [24/Jun/2026:17:07:07 -0300] "POST /caja/action.php HTTP/1.1" 200 256 "https://meza.ar/caja/" "Mozilla/5.0 (Macintosh; Intel Mac OS X 10_15_7) AppleWebKit/605.1.15 (KHTML, like Gecko) Version/26.5 Safari/605.1.15"
181.90.212.138 - - [24/Jun/2026:17:07:08 -0300] "POST /caja/action.php HTTP/1.1" 200 256 "https://meza.ar/caja/" "Mozilla/5.0 (Macintosh; Intel Mac OS X 10_15_7) AppleWebKit/605.1.15 (KHTML, like Gecko) Version/26.5 Safari/605.1.15"
181.90.212.138 - - [24/Jun/2026:17:07:09 -0300] "POST /caja/action.php HTTP/1.1" 200 256 "https://meza.ar/caja/" "Mozilla/5.0 (Macintosh; Intel Mac OS X 10_15_7) AppleWebKit/605.1.15 (KHTML, like Gecko) Version/26.5 Safari/605.1.15"
181.90.212.138 - - [24/Jun/2026:17:07:10 -0300] "POST /caja/action.php HTTP/1.1" 200 256 "https://meza.ar/caja/" "Mozilla/5.0 (Macintosh; Intel Mac OS X 10_15_7) AppleWebKit/605.1.15 (KHTML, like Gecko) Version/26.5 Safari/605.1.15"
181.90.212.138 - - [24/Jun/2026:17:07:12 -0300] "POST /caja/action.php HTTP/1.1" 200 256 "https://meza.ar/caja/" "Mozilla/5.0 (Macintosh; Intel Mac OS X 10_15_7) AppleWebKit/605.1.15 (KHTML, like Gecko) Version/26.5 Safari/605.1.15"
181.90.212.138 - - [24/Jun/2026:17:07:12 -0300] "POST /caja/action.php HTTP/1.1" 200 256 "https://meza.ar/caja/" "Mozilla/5.0 (Macintosh; Intel Mac OS X 10_15_7) AppleWebKit/605.1.15 (KHTML, like Gecko) Version/26.5 Safari/605.1.15"
181.90.212.138 - - [24/Jun/2026:17:07:20 -0300] "POST /caja/action.php HTTP/1.1" 200 13503 "https://meza.ar/caja/" "Mozilla/5.0 (Macintosh; Intel Mac OS X 10_15_7) AppleWebKit/605.1.15 (KHTML, like Gecko) Version/26.5 Safari/605.1.15"
181.90.212.138 - - [24/Jun/2026:17:07:22 -0300] "POST /caja/action.php HTTP/1.1" 200 40662 "https://meza.ar/caja/" "Mozilla/5.0 (Macintosh; Intel Mac OS X 10_15_7) AppleWebKit/605.1.15 (KHTML, like Gecko) Version/26.5 Safari/605.1.15"
181.90.212.138 - - [24/Jun/2026:17:07:26 -0300] "POST /caja/action.php HTTP/1.1" 200 336 "https://meza.ar/caja/" "Mozilla/5.0 (Macintosh; Intel Mac OS X 10_15_7) AppleWebKit/605.1.15 (KHTML, like Gecko) Version/26.5 Safari/605.1.15"
181.90.212.138 - - [24/Jun/2026:17:07:44 -0300] "POST /caja/action.php HTTP/1.1" 200 14609 "https://meza.ar/caja/" "Mozilla/5.0 (Macintosh; Intel Mac OS X 10_15_7) AppleWebKit/605.1.15 (KHTML, like Gecko) Version/26.5 Safari/605.1.15"
181.90.212.138 - - [24/Jun/2026:17:07:51 -0300] "POST /caja/action.php HTTP/1.1" 200 45735 "https://meza.ar/caja/" "Mozilla/5.0 (Macintosh; Intel Mac OS X 10_15_7) AppleWebKit/605.1.15 (KHTML, like Gecko) Version/26.5 Safari/605.1.15"
191.82.245.172 - - [24/Jun/2026:17:08:26 -0300] "GET /caja/ HTTP/1.1" 200 10357 "-" "Mozilla/5.0 (Windows NT 10.0; Win64; x64) AppleWebKit/537.36 (KHTML, like Gecko) Chrome/149.0.0.0 Safari/537.36"
191.82.245.172 - - [24/Jun/2026:17:08:26 -0300] "GET /caja/image/movement/mov_20260624194703_224fa62e.jpg HTTP/1.1" 304 272 "https://meza.ar/caja/" "Mozilla/5.0 (Windows NT 10.0; Win64; x64) AppleWebKit/537.36 (KHTML, like Gecko) Chrome/149.0.0.0 Safari/537.36"
191.82.245.172 - - [24/Jun/2026:17:08:30 -0300] "GET /caja/ HTTP/1.1" 200 8945 "-" "Mozilla/5.0 (Windows NT 10.0; Win64; x64) AppleWebKit/537.36 (KHTML, like Gecko) Chrome/149.0.0.0 Safari/537.36"
181.90.212.138 - - [24/Jun/2026:17:08:38 -0300] "POST /caja/action.php HTTP/1.1" 200 11824 "https://meza.ar/caja/" "Mozilla/5.0 (Macintosh; Intel Mac OS X 10_15_7) AppleWebKit/605.1.15 (KHTML, like Gecko) Version/26.5 Safari/605.1.15"
181.90.212.138 - - [24/Jun/2026:17:08:42 -0300] "POST /caja/action.php HTTP/1.1" 200 256 "https://meza.ar/caja/" "Mozilla/5.0 (Macintosh; Intel Mac OS X 10_15_7) AppleWebKit/605.1.15 (KHTML, like Gecko) Version/26.5 Safari/605.1.15"
181.90.212.138 - - [24/Jun/2026:17:08:43 -0300] "POST /caja/action.php HTTP/1.1" 200 517 "https://meza.ar/caja/" "Mozilla/5.0 (Macintosh; Intel Mac OS X 10_15_7) AppleWebKit/605.1.15 (KHTML, like Gecko) Version/26.5 Safari/605.1.15"
181.90.212.138 - - [24/Jun/2026:17:08:55 -0300] "POST /caja/action.php HTTP/1.1" 200 15522 "https://meza.ar/caja/" "Mozilla/5.0 (Macintosh; Intel Mac OS X 10_15_7) AppleWebKit/605.1.15 (KHTML, like Gecko) Version/26.5 Safari/605.1.15"
181.90.212.138 - - [24/Jun/2026:17:08:57 -0300] "POST /caja/action.php HTTP/1.1" 200 43768 "https://meza.ar/caja/" "Mozilla/5.0 (Macintosh; Intel Mac OS X 10_15_7) AppleWebKit/605.1.15 (KHTML, like Gecko) Version/26.5 Safari/605.1.15"
181.90.212.138 - - [24/Jun/2026:17:08:59 -0300] "POST /caja/action.php HTTP/1.1" 200 911 "https://meza.ar/caja/" "Mozilla/5.0 (Macintosh; Intel Mac OS X 10_15_7) AppleWebKit/605.1.15 (KHTML, like Gecko) Version/26.5 Safari/605.1.15"
181.90.212.138 - - [24/Jun/2026:17:09:00 -0300] "POST /caja/action.php HTTP/1.1" 200 331 "https://meza.ar/caja/" "Mozilla/5.0 (Macintosh; Intel Mac OS X 10_15_7) AppleWebKit/605.1.15 (KHTML, like Gecko) Version/26.5 Safari/605.1.15"
181.90.212.138 - - [24/Jun/2026:17:09:14 -0300] "POST /caja/action.php HTTP/1.1" 200 16674 "https://meza.ar/caja/" "Mozilla/5.0 (Macintosh; Intel Mac OS X 10_15_7) AppleWebKit/605.1.15 (KHTML, like Gecko) Version/26.5 Safari/605.1.15"
181.90.212.138 - - [24/Jun/2026:17:09:16 -0300] "POST /caja/action.php HTTP/1.1" 200 45204 "https://meza.ar/caja/" "Mozilla/5.0 (Macintosh; Intel Mac OS X 10_15_7) AppleWebKit/605.1.15 (KHTML, like Gecko) Version/26.5 Safari/605.1.15"
181.90.212.138 - - [24/Jun/2026:17:09:19 -0300] "POST /caja/action.php HTTP/1.1" 200 335 "https://meza.ar/caja/" "Mozilla/5.0 (Macintosh; Intel Mac OS X 10_15_7) AppleWebKit/605.1.15 (KHTML, like Gecko) Version/26.5 Safari/605.1.15"
181.90.212.138 - - [24/Jun/2026:17:09:19 -0300] "POST /caja/action.php HTTP/1.1" 200 335 "https://meza.ar/caja/" "Mozilla/5.0 (Macintosh; Intel Mac OS X 10_15_7) AppleWebKit/605.1.15 (KHTML, like Gecko) Version/26.5 Safari/605.1.15"
181.90.212.138 - - [24/Jun/2026:17:09:27 -0300] "POST /caja/action.php HTTP/1.1" 200 17608 "https://meza.ar/caja/" "Mozilla/5.0 (Macintosh; Intel Mac OS X 10_15_7) AppleWebKit/605.1.15 (KHTML, like Gecko) Version/26.5 Safari/605.1.15"
181.90.212.138 - - [24/Jun/2026:17:09:29 -0300] "POST /caja/action.php HTTP/1.1" 200 46428 "https://meza.ar/caja/" "Mozilla/5.0 (Macintosh; Intel Mac OS X 10_15_7) AppleWebKit/605.1.15 (KHTML, like Gecko) Version/26.5 Safari/605.1.15"
181.90.212.138 - - [24/Jun/2026:17:09:32 -0300] "POST /caja/action.php HTTP/1.1" 200 334 "https://meza.ar/caja/" "Mozilla/5.0 (Macintosh; Intel Mac OS X 10_15_7) AppleWebKit/605.1.15 (KHTML, like Gecko) Version/26.5 Safari/605.1.15"
181.90.212.138 - - [24/Jun/2026:17:09:33 -0300] "POST /caja/action.php HTTP/1.1" 200 334 "https://meza.ar/caja/" "Mozilla/5.0 (Macintosh; Intel Mac OS X 10_15_7) AppleWebKit/605.1.15 (KHTML, like Gecko) Version/26.5 Safari/605.1.15"
181.90.212.138 - - [24/Jun/2026:17:09:40 -0300] "POST /caja/action.php HTTP/1.1" 200 18528 "https://meza.ar/caja/" "Mozilla/5.0 (Macintosh; Intel Mac OS X 10_15_7) AppleWebKit/605.1.15 (KHTML, like Gecko) Version/26.5 Safari/605.1.15"
181.90.212.138 - - [24/Jun/2026:17:09:42 -0300] "POST /caja/action.php HTTP/1.1" 200 47631 "https://meza.ar/caja/" "Mozilla/5.0 (Macintosh; Intel Mac OS X 10_15_7) AppleWebKit/605.1.15 (KHTML, like Gecko) Version/26.5 Safari/605.1.15"
181.90.212.138 - - [24/Jun/2026:17:09:44 -0300] "POST /caja/action.php HTTP/1.1" 200 256 "https://meza.ar/caja/" "Mozilla/5.0 (Macintosh; Intel Mac OS X 10_15_7) AppleWebKit/605.1.15 (KHTML, like Gecko) Version/26.5 Safari/605.1.15"
181.90.212.138 - - [24/Jun/2026:17:09:45 -0300] "POST /caja/action.php HTTP/1.1" 200 256 "https://meza.ar/caja/" "Mozilla/5.0 (Macintosh; Intel Mac OS X 10_15_7) AppleWebKit/605.1.15 (KHTML, like Gecko) Version/26.5 Safari/605.1.15"
181.90.212.138 - - [24/Jun/2026:17:09:46 -0300] "POST /caja/action.php HTTP/1.1" 200 256 "https://meza.ar/caja/" "Mozilla/5.0 (Macintosh; Intel Mac OS X 10_15_7) AppleWebKit/605.1.15 (KHTML, like Gecko) Version/26.5 Safari/605.1.15"
181.90.212.138 - - [24/Jun/2026:17:09:46 -0300] "POST /caja/action.php HTTP/1.1" 200 256 "https://meza.ar/caja/" "Mozilla/5.0 (Macintosh; Intel Mac OS X 10_15_7) AppleWebKit/605.1.15 (KHTML, like Gecko) Version/26.5 Safari/605.1.15"
191.82.245.172 - - [24/Jun/2026:17:21:27 -0300] "GET /caja/ HTTP/1.1" 200 12933 "-" "Mozilla/5.0 (Windows NT 10.0; Win64; x64) AppleWebKit/537.36 (KHTML, like Gecko) Chrome/149.0.0.0 Safari/537.36"
191.82.245.172 - - [24/Jun/2026:17:21:27 -0300] "GET /caja/image/movement/mov_20260624194703_224fa62e.jpg HTTP/1.1" 304 272 "https://meza.ar/caja/" "Mozilla/5.0 (Windows NT 10.0; Win64; x64) AppleWebKit/537.36 (KHTML, like Gecko) Chrome/149.0.0.0 Safari/537.36"
181.90.212.138 - - [24/Jun/2026:17:21:33 -0300] "POST /caja/action.php HTTP/1.1" 200 19870 "https://meza.ar/caja/" "Mozilla/5.0 (Macintosh; Intel Mac OS X 10_15_7) AppleWebKit/605.1.15 (KHTML, like Gecko) Version/26.5 Safari/605.1.15"
181.90.212.138 - - [24/Jun/2026:17:21:35 -0300] "POST /caja/action.php HTTP/1.1" 200 49270 "https://meza.ar/caja/" "Mozilla/5.0 (Macintosh; Intel Mac OS X 10_15_7) AppleWebKit/605.1.15 (KHTML, like Gecko) Version/26.5 Safari/605.1.15"
191.82.245.172 - - [24/Jun/2026:17:21:38 -0300] "GET /caja/ HTTP/1.1" 200 13044 "-" "Mozilla/5.0 (Windows NT 10.0; Win64; x64) AppleWebKit/537.36 (KHTML, like Gecko) Chrome/149.0.0.0 Safari/537.36"
181.90.212.138 - - [24/Jun/2026:17:21:38 -0300] "POST /caja/action.php HTTP/1.1" 200 417 "https://meza.ar/caja/" "Mozilla/5.0 (Macintosh; Intel Mac OS X 10_15_7) AppleWebKit/605.1.15 (KHTML, like Gecko) Version/26.5 Safari/605.1.15"
191.82.245.172 - - [24/Jun/2026:17:21:48 -0300] "GET /caja/ HTTP/1.1" 200 10813 "-" "Mozilla/5.0 (Windows NT 10.0; Win64; x64) AppleWebKit/537.36 (KHTML, like Gecko) Chrome/149.0.0.0 Safari/537.36"
181.90.212.138 - - [24/Jun/2026:17:21:52 -0300] "POST /caja/action.php HTTP/1.1" 200 20786 "https://meza.ar/caja/" "Mozilla/5.0 (Macintosh; Intel Mac OS X 10_15_7) AppleWebKit/605.1.15 (KHTML, like Gecko) Version/26.5 Safari/605.1.15"
181.90.212.138 - - [24/Jun/2026:17:21:54 -0300] "POST /caja/action.php HTTP/1.1" 200 50480 "https://meza.ar/caja/" "Mozilla/5.0 (Macintosh; Intel Mac OS X 10_15_7) AppleWebKit/605.1.15 (KHTML, like Gecko) Version/26.5 Safari/605.1.15"
181.90.212.138 - - [24/Jun/2026:17:21:56 -0300] "POST /caja/action.php HTTP/1.1" 200 256 "https://meza.ar/caja/" "Mozilla/5.0 (Macintosh; Intel Mac OS X 10_15_7) AppleWebKit/605.1.15 (KHTML, like Gecko) Version/26.5 Safari/605.1.15"
181.90.212.138 - - [24/Jun/2026:17:21:57 -0300] "POST /caja/action.php HTTP/1.1" 200 256 "https://meza.ar/caja/" "Mozilla/5.0 (Macintosh; Intel Mac OS X 10_15_7) AppleWebKit/605.1.15 (KHTML, like Gecko) Version/26.5 Safari/605.1.15"
191.82.245.172 - - [24/Jun/2026:17:22:07 -0300] "GET /caja/ HTTP/1.1" 200 10891 "-" "Mozilla/5.0 (Windows NT 10.0; Win64; x64) AppleWebKit/537.36 (KHTML, like Gecko) Chrome/149.0.0.0 Safari/537.36"
191.82.245.172 - - [24/Jun/2026:17:22:11 -0300] "GET /caja/ HTTP/1.1" 200 9479 "-" "Mozilla/5.0 (Windows NT 10.0; Win64; x64) AppleWebKit/537.36 (KHTML, like Gecko) Chrome/149.0.0.0 Safari/537.36"
181.90.212.138 - - [24/Jun/2026:17:22:14 -0300] "POST /caja/action.php HTTP/1.1" 200 21930 "https://meza.ar/caja/" "Mozilla/5.0 (Macintosh; Intel Mac OS X 10_15_7) AppleWebKit/605.1.15 (KHTML, like Gecko) Version/26.5 Safari/605.1.15"
181.90.212.138 - - [24/Jun/2026:17:22:17 -0300] "POST /caja/action.php HTTP/1.1" 200 51910 "https://meza.ar/caja/" "Mozilla/5.0 (Macintosh; Intel Mac OS X 10_15_7) AppleWebKit/605.1.15 (KHTML, like Gecko) Version/26.5 Safari/605.1.15"
191.82.245.172 - - [24/Jun/2026:17:22:54 -0300] "GET /caja/ HTTP/1.1" 200 10975 "-" "Mozilla/5.0 (Windows NT 10.0; Win64; x64) AppleWebKit/537.36 (KHTML, like Gecko) Chrome/149.0.0.0 Safari/537.36"
181.90.212.138 - - [24/Jun/2026:17:23:20 -0300] "GET /caja/image/menu/menu_20260617175256_6f89baa1.jpg HTTP/1.1" 404 4208 "https://meza.ar/caja/" "Mozilla/5.0 (Macintosh; Intel Mac OS X 10_15_7) AppleWebKit/605.1.15 (KHTML, like Gecko) Version/26.5 Safari/605.1.15"
181.90.212.138 - - [24/Jun/2026:17:23:20 -0300] "GET /caja/image/menu/menu_20260616200157_d428be8a.jpg HTTP/1.1" 404 548 "https://meza.ar/caja/" "Mozilla/5.0 (Macintosh; Intel Mac OS X 10_15_7) AppleWebKit/605.1.15 (KHTML, like Gecko) Version/26.5 Safari/605.1.15"
181.90.212.138 - - [24/Jun/2026:17:23:20 -0300] "GET /caja/image/menu/menu_20260609225914_b34ee98e.jpg HTTP/1.1" 404 548 "https://meza.ar/caja/" "Mozilla/5.0 (Macintosh; Intel Mac OS X 10_15_7) AppleWebKit/605.1.15 (KHTML, like Gecko) Version/26.5 Safari/605.1.15"
181.90.212.138 - - [24/Jun/2026:17:23:20 -0300] "GET /caja/image/menu/menu_20260618170634_494f6ae7.webp HTTP/1.1" 404 4207 "https://meza.ar/caja/" "Mozilla/5.0 (Macintosh; Intel Mac OS X 10_15_7) AppleWebKit/605.1.15 (KHTML, like Gecko) Version/26.5 Safari/605.1.15"
181.90.212.138 - - [24/Jun/2026:17:23:20 -0300] "GET /caja/image/menu/menu_20260610121041_603fae4b.jpg HTTP/1.1" 404 4209 "https://meza.ar/caja/" "Mozilla/5.0 (Macintosh; Intel Mac OS X 10_15_7) AppleWebKit/605.1.15 (KHTML, like Gecko) Version/26.5 Safari/605.1.15"
181.90.212.138 - - [24/Jun/2026:17:23:20 -0300] "GET /caja/image/menu/menu_20260612193345_b5572bb7.jpg HTTP/1.1" 404 548 "https://meza.ar/caja/" "Mozilla/5.0 (Macintosh; Intel Mac OS X 10_15_7) AppleWebKit/605.1.15 (KHTML, like Gecko) Version/26.5 Safari/605.1.15"
181.90.212.138 - - [24/Jun/2026:17:23:20 -0300] "GET /caja/image/menu/menu_20260611185706_f802ecc6.jpg HTTP/1.1" 404 4209 "https://meza.ar/caja/" "Mozilla/5.0 (Macintosh; Intel Mac OS X 10_15_7) AppleWebKit/605.1.15 (KHTML, like Gecko) Version/26.5 Safari/605.1.15"
181.90.212.138 - - [24/Jun/2026:17:23:20 -0300] "GET /caja/image/menu/menu_20260612193009_8415599d.webp HTTP/1.1" 404 548 "https://meza.ar/caja/" "Mozilla/5.0 (Macintosh; Intel Mac OS X 10_15_7) AppleWebKit/605.1.15 (KHTML, like Gecko) Version/26.5 Safari/605.1.15"
181.90.212.138 - - [24/Jun/2026:17:23:20 -0300] "GET /caja/image/menu/menu_20260611185443_dbbdd655.jpg HTTP/1.1" 404 4208 "https://meza.ar/caja/" "Mozilla/5.0 (Macintosh; Intel Mac OS X 10_15_7) AppleWebKit/605.1.15 (KHTML, like Gecko) Version/26.5 Safari/605.1.15"
181.90.212.138 - - [24/Jun/2026:17:23:20 -0300] "GET /caja/image/menu/menu_20260617175017_366bdb85.jpg HTTP/1.1" 404 548 "https://meza.ar/caja/" "Mozilla/5.0 (Macintosh; Intel Mac OS X 10_15_7) AppleWebKit/605.1.15 (KHTML, like Gecko) Version/26.5 Safari/605.1.15"
181.90.212.138 - - [24/Jun/2026:17:23:20 -0300] "GET /caja/image/menu/menu_20260609161313_4a2631fe.jpg HTTP/1.1" 404 4208 "https://meza.ar/caja/" "Mozilla/5.0 (Macintosh; Intel Mac OS X 10_15_7) AppleWebKit/605.1.15 (KHTML, like Gecko) Version/26.5 Safari/605.1.15"
181.90.212.138 - - [24/Jun/2026:17:23:20 -0300] "GET /caja/image/menu/menu_20260610120752_68799017.jpg HTTP/1.1" 404 548 "https://meza.ar/caja/" "Mozilla/5.0 (Macintosh; Intel Mac OS X 10_15_7) AppleWebKit/605.1.15 (KHTML, like Gecko) Version/26.5 Safari/605.1.15"
181.90.212.138 - - [24/Jun/2026:17:23:20 -0300] "GET /caja/image/menu/menu_20260611184847_1084fa80.webp HTTP/1.1" 404 548 "https://meza.ar/caja/" "Mozilla/5.0 (Macintosh; Intel Mac OS X 10_15_7) AppleWebKit/605.1.15 (KHTML, like Gecko) Version/26.5 Safari/605.1.15"
181.90.212.138 - - [24/Jun/2026:17:23:37 -0300] "GET /caja/image/menu/menu_20260610120752_68799017.jpg HTTP/1.1" 404 4208 "https://meza.ar/caja/" "Mozilla/5.0 (Macintosh; Intel Mac OS X 10_15_7) AppleWebKit/605.1.15 (KHTML, like Gecko) Version/26.5 Safari/605.1.15"
191.82.245.172 - - [24/Jun/2026:17:23:42 -0300] "GET /caja/ HTTP/1.1" 200 10975 "-" "Mozilla/5.0 (Windows NT 10.0; Win64; x64) AppleWebKit/537.36 (KHTML, like Gecko) Chrome/149.0.0.0 Safari/537.36"
191.82.245.172 - - [24/Jun/2026:17:23:48 -0300] "GET /caja/ HTTP/1.1" 200 10975 "-" "Mozilla/5.0 (Windows NT 10.0; Win64; x64) AppleWebKit/537.36 (KHTML, like Gecko) Chrome/149.0.0.0 Safari/537.36"
181.90.212.138 - - [24/Jun/2026:17:23:49 -0300] "POST /caja/action.php HTTP/1.1" 200 36645 "https://meza.ar/caja/" "Mozilla/5.0 (Macintosh; Intel Mac OS X 10_15_7) AppleWebKit/605.1.15 (KHTML, like Gecko) Version/26.5 Safari/605.1.15"
181.90.212.138 - - [24/Jun/2026:17:23:49 -0300] "GET /caja/image/menu/menu_20260617175256_6f89baa1.jpg HTTP/1.1" 404 548 "https://meza.ar/caja/" "Mozilla/5.0 (Macintosh; Intel Mac OS X 10_15_7) AppleWebKit/605.1.15 (KHTML, like Gecko) Version/26.5 Safari/605.1.15"
181.90.212.138 - - [24/Jun/2026:17:23:49 -0300] "GET /caja/image/menu/menu_20260616200157_d428be8a.jpg HTTP/1.1" 404 548 "https://meza.ar/caja/" "Mozilla/5.0 (Macintosh; Intel Mac OS X 10_15_7) AppleWebKit/605.1.15 (KHTML, like Gecko) Version/26.5 Safari/605.1.15"
181.90.212.138 - - [24/Jun/2026:17:23:49 -0300] "GET /caja/image/menu/menu_20260609225914_b34ee98e.jpg HTTP/1.1" 404 548 "https://meza.ar/caja/" "Mozilla/5.0 (Macintosh; Intel Mac OS X 10_15_7) AppleWebKit/605.1.15 (KHTML, like Gecko) Version/26.5 Safari/605.1.15"
181.90.212.138 - - [24/Jun/2026:17:23:49 -0300] "GET /caja/image/menu/menu_20260611185443_dbbdd655.jpg HTTP/1.1" 404 4208 "https://meza.ar/caja/" "Mozilla/5.0 (Macintosh; Intel Mac OS X 10_15_7) AppleWebKit/605.1.15 (KHTML, like Gecko) Version/26.5 Safari/605.1.15"
181.90.212.138 - - [24/Jun/2026:17:23:49 -0300] "GET /caja/image/menu/menu_20260612193345_b5572bb7.jpg HTTP/1.1" 404 548 "https://meza.ar/caja/" "Mozilla/5.0 (Macintosh; Intel Mac OS X 10_15_7) AppleWebKit/605.1.15 (KHTML, like Gecko) Version/26.5 Safari/605.1.15"
181.90.212.138 - - [24/Jun/2026:17:23:49 -0300] "GET /caja/image/menu/menu_20260610121041_603fae4b.jpg HTTP/1.1" 404 4208 "https://meza.ar/caja/" "Mozilla/5.0 (Macintosh; Intel Mac OS X 10_15_7) AppleWebKit/605.1.15 (KHTML, like Gecko) Version/26.5 Safari/605.1.15"
181.90.212.138 - - [24/Jun/2026:17:23:49 -0300] "GET /caja/image/menu/menu_20260612193009_8415599d.webp HTTP/1.1" 404 548 "https://meza.ar/caja/" "Mozilla/5.0 (Macintosh; Intel Mac OS X 10_15_7) AppleWebKit/605.1.15 (KHTML, like Gecko) Version/26.5 Safari/605.1.15"
181.90.212.138 - - [24/Jun/2026:17:23:49 -0300] "GET /caja/image/menu/menu_20260618170634_494f6ae7.webp HTTP/1.1" 404 4208 "https://meza.ar/caja/" "Mozilla/5.0 (Macintosh; Intel Mac OS X 10_15_7) AppleWebKit/605.1.15 (KHTML, like Gecko) Version/26.5 Safari/605.1.15"
181.90.212.138 - - [24/Jun/2026:17:23:49 -0300] "GET /caja/image/menu/menu_20260617175017_366bdb85.jpg HTTP/1.1" 404 548 "https://meza.ar/caja/" "Mozilla/5.0 (Macintosh; Intel Mac OS X 10_15_7) AppleWebKit/605.1.15 (KHTML, like Gecko) Version/26.5 Safari/605.1.15"
181.90.212.138 - - [24/Jun/2026:17:23:49 -0300] "GET /caja/image/menu/menu_20260611184847_1084fa80.webp HTTP/1.1" 404 548 "https://meza.ar/caja/" "Mozilla/5.0 (Macintosh; Intel Mac OS X 10_15_7) AppleWebKit/605.1.15 (KHTML, like Gecko) Version/26.5 Safari/605.1.15"
181.90.212.138 - - [24/Jun/2026:17:23:49 -0300] "GET /caja/image/menu/menu_20260611185706_f802ecc6.jpg HTTP/1.1" 404 4207 "https://meza.ar/caja/" "Mozilla/5.0 (Macintosh; Intel Mac OS X 10_15_7) AppleWebKit/605.1.15 (KHTML, like Gecko) Version/26.5 Safari/605.1.15"
181.90.212.138 - - [24/Jun/2026:17:23:49 -0300] "GET /caja/image/menu/menu_20260609161313_4a2631fe.jpg HTTP/1.1" 404 4208 "https://meza.ar/caja/" "Mozilla/5.0 (Macintosh; Intel Mac OS X 10_15_7) AppleWebKit/605.1.15 (KHTML, like Gecko) Version/26.5 Safari/605.1.15"
181.90.212.138 - - [24/Jun/2026:17:23:49 -0300] "GET /caja/image/menu/menu_20260610120752_68799017.jpg HTTP/1.1" 404 548 "https://meza.ar/caja/" "Mozilla/5.0 (Macintosh; Intel Mac OS X 10_15_7) AppleWebKit/605.1.15 (KHTML, like Gecko) Version/26.5 Safari/605.1.15"
191.82.245.172 - - [24/Jun/2026:17:23:53 -0300] "GET /caja/ HTTP/1.1" 200 9569 "-" "Mozilla/5.0 (Windows NT 10.0; Win64; x64) AppleWebKit/537.36 (KHTML, like Gecko) Chrome/149.0.0.0 Safari/537.36"
181.90.212.138 - - [24/Jun/2026:17:23:58 -0300] "POST /caja/action.php HTTP/1.1" 200 27612 "https://meza.ar/caja/" "Mozilla/5.0 (Macintosh; Intel Mac OS X 10_15_7) AppleWebKit/605.1.15 (KHTML, like Gecko) Version/26.5 Safari/605.1.15"
191.82.245.172 - - [24/Jun/2026:17:23:59 -0300] "GET /caja/ HTTP/1.1" 200 10975 "-" "Mozilla/5.0 (Windows NT 10.0; Win64; x64) AppleWebKit/537.36 (KHTML, like Gecko) Chrome/149.0.0.0 Safari/537.36"
181.90.212.138 - - [24/Jun/2026:17:24:02 -0300] "POST /caja/action.php HTTP/1.1" 200 27608 "https://meza.ar/caja/" "Mozilla/5.0 (Macintosh; Intel Mac OS X 10_15_7) AppleWebKit/605.1.15 (KHTML, like Gecko) Version/26.5 Safari/605.1.15"
191.82.245.172 - - [24/Jun/2026:17:24:05 -0300] "GET /caja/ HTTP/1.1" 200 10972 "-" "Mozilla/5.0 (Windows NT 10.0; Win64; x64) AppleWebKit/537.36 (KHTML, like Gecko) Chrome/149.0.0.0 Safari/537.36"
181.90.212.138 - - [24/Jun/2026:17:24:27 -0300] "POST /caja/action.php HTTP/1.1" 200 27608 "https://meza.ar/caja/" "Mozilla/5.0 (Macintosh; Intel Mac OS X 10_15_7) AppleWebKit/605.1.15 (KHTML, like Gecko) Version/26.5 Safari/605.1.15"
181.90.212.138 - - [24/Jun/2026:17:24:33 -0300] "POST /caja/action.php HTTP/1.1" 200 27603 "https://meza.ar/caja/" "Mozilla/5.0 (Macintosh; Intel Mac OS X 10_15_7) AppleWebKit/605.1.15 (KHTML, like Gecko) Version/26.5 Safari/605.1.15"
181.90.212.138 - - [24/Jun/2026:17:24:39 -0300] "POST /caja/action.php HTTP/1.1" 200 27601 "https://meza.ar/caja/" "Mozilla/5.0 (Macintosh; Intel Mac OS X 10_15_7) AppleWebKit/605.1.15 (KHTML, like Gecko) Version/26.5 Safari/605.1.15"
191.82.245.172 - - [24/Jun/2026:17:24:48 -0300] "GET /caja/ HTTP/1.1" 200 10963 "-" "Mozilla/5.0 (Windows NT 10.0; Win64; x64) AppleWebKit/537.36 (KHTML, like Gecko) Chrome/149.0.0.0 Safari/537.36"
191.82.245.172 - - [24/Jun/2026:17:24:49 -0300] "GET /caja/ HTTP/1.1" 200 9551 "-" "Mozilla/5.0 (Windows NT 10.0; Win64; x64) AppleWebKit/537.36 (KHTML, like Gecko) Chrome/149.0.0.0 Safari/537.36"
181.90.212.138 - - [24/Jun/2026:17:24:56 -0300] "POST /caja/action.php HTTP/1.1" 200 27597 "https://meza.ar/caja/" "Mozilla/5.0 (Macintosh; Intel Mac OS X 10_15_7) AppleWebKit/605.1.15 (KHTML, like Gecko) Version/26.5 Safari/605.1.15"
181.90.212.138 - - [24/Jun/2026:17:25:03 -0300] "POST /caja/action.php HTTP/1.1" 200 27593 "https://meza.ar/caja/" "Mozilla/5.0 (Macintosh; Intel Mac OS X 10_15_7) AppleWebKit/605.1.15 (KHTML, like Gecko) Version/26.5 Safari/605.1.15"
181.90.212.138 - - [24/Jun/2026:17:25:06 -0300] "POST /caja/action.php HTTP/1.1" 200 23931 "https://meza.ar/caja/" "Mozilla/5.0 (Macintosh; Intel Mac OS X 10_15_7) AppleWebKit/605.1.15 (KHTML, like Gecko) Version/26.5 Safari/605.1.15"
181.90.212.138 - - [24/Jun/2026:17:25:11 -0300] "POST /caja/action.php HTTP/1.1" 200 27589 "https://meza.ar/caja/" "Mozilla/5.0 (Macintosh; Intel Mac OS X 10_15_7) AppleWebKit/605.1.15 (KHTML, like Gecko) Version/26.5 Safari/605.1.15"
181.90.212.138 - - [24/Jun/2026:17:25:29 -0300] "POST /caja/action.php HTTP/1.1" 200 27588 "https://meza.ar/caja/" "Mozilla/5.0 (Macintosh; Intel Mac OS X 10_15_7) AppleWebKit/605.1.15 (KHTML, like Gecko) Version/26.5 Safari/605.1.15"
191.82.245.172 - - [24/Jun/2026:17:25:41 -0300] "GET /caja/ HTTP/1.1" 200 10938 "-" "Mozilla/5.0 (Windows NT 10.0; Win64; x64) AppleWebKit/537.36 (KHTML, like Gecko) Chrome/149.0.0.0 Safari/537.36"
191.82.245.172 - - [24/Jun/2026:17:25:41 -0300] "GET /caja/image/movement/mov_20260624194703_224fa62e.jpg HTTP/1.1" 304 272 "https://meza.ar/caja/" "Mozilla/5.0 (Windows NT 10.0; Win64; x64) AppleWebKit/537.36 (KHTML, like Gecko) Chrome/149.0.0.0 Safari/537.36"
191.82.245.172 - - [24/Jun/2026:17:25:44 -0300] "GET /caja/ HTTP/1.1" 200 9526 "-" "Mozilla/5.0 (Windows NT 10.0; Win64; x64) AppleWebKit/537.36 (KHTML, like Gecko) Chrome/149.0.0.0 Safari/537.36"
191.82.245.172 - - [24/Jun/2026:17:25:49 -0300] "GET /caja/ HTTP/1.1" 200 9526 "-" "Mozilla/5.0 (Windows NT 10.0; Win64; x64) AppleWebKit/537.36 (KHTML, like Gecko) Chrome/149.0.0.0 Safari/537.36"
181.90.212.138 - - [24/Jun/2026:17:26:57 -0300] "POST /caja/action.php HTTP/1.1" 200 27590 "https://meza.ar/caja/" "Mozilla/5.0 (Macintosh; Intel Mac OS X 10_15_7) AppleWebKit/605.1.15 (KHTML, like Gecko) Version/26.5 Safari/605.1.15"
181.90.212.138 - - [24/Jun/2026:17:27:04 -0300] "POST /caja/action.php HTTP/1.1" 200 27589 "https://meza.ar/caja/" "Mozilla/5.0 (Macintosh; Intel Mac OS X 10_15_7) AppleWebKit/605.1.15 (KHTML, like Gecko) Version/26.5 Safari/605.1.15"
191.82.245.172 - - [24/Jun/2026:17:27:11 -0300] "GET /caja/ HTTP/1.1" 200 10937 "-" "Mozilla/5.0 (Windows NT 10.0; Win64; x64) AppleWebKit/537.36 (KHTML, like Gecko) Chrome/149.0.0.0 Safari/537.36"
181.90.212.138 - - [24/Jun/2026:17:27:14 -0300] "POST /caja/action.php HTTP/1.1" 200 27590 "https://meza.ar/caja/" "Mozilla/5.0 (Macintosh; Intel Mac OS X 10_15_7) AppleWebKit/605.1.15 (KHTML, like Gecko) Version/26.5 Safari/605.1.15"
191.82.245.172 - - [24/Jun/2026:17:27:22 -0300] "GET /caja/ HTTP/1.1" 200 10936 "-" "Mozilla/5.0 (Windows NT 10.0; Win64; x64) AppleWebKit/537.36 (KHTML, like Gecko) Chrome/149.0.0.0 Safari/537.36"
191.82.245.172 - - [24/Jun/2026:17:27:26 -0300] "GET /caja/ HTTP/1.1" 200 9524 "-" "Mozilla/5.0 (Windows NT 10.0; Win64; x64) AppleWebKit/537.36 (KHTML, like Gecko) Chrome/149.0.0.0 Safari/537.36"
191.82.245.172 - - [24/Jun/2026:17:27:34 -0300] "GET /caja/ HTTP/1.1" 200 10936 "-" "Mozilla/5.0 (Windows NT 10.0; Win64; x64) AppleWebKit/537.36 (KHTML, like Gecko) Chrome/149.0.0.0 Safari/537.36"
191.82.245.172 - - [24/Jun/2026:17:27:45 -0300] "GET /caja/ HTTP/1.1" 200 10936 "-" "Mozilla/5.0 (Windows NT 10.0; Win64; x64) AppleWebKit/537.36 (KHTML, like Gecko) Chrome/149.0.0.0 Safari/537.36"
191.82.245.172 - - [24/Jun/2026:17:28:15 -0300] "GET /caja/ HTTP/1.1" 200 10936 "-" "Mozilla/5.0 (Windows NT 10.0; Win64; x64) AppleWebKit/537.36 (KHTML, like Gecko) Chrome/149.0.0.0 Safari/537.36"
191.82.245.172 - - [24/Jun/2026:17:28:26 -0300] "GET /caja/ HTTP/1.1" 200 10936 "-" "Mozilla/5.0 (Windows NT 10.0; Win64; x64) AppleWebKit/537.36 (KHTML, like Gecko) Chrome/149.0.0.0 Safari/537.36"
181.90.212.138 - - [24/Jun/2026:17:28:30 -0300] "POST /caja/action.php HTTP/1.1" 200 5267 "https://meza.ar/caja/" "Mozilla/5.0 (Macintosh; Intel Mac OS X 10_15_7) AppleWebKit/605.1.15 (KHTML, like Gecko) Version/26.5 Safari/605.1.15"
181.90.212.138 - - [24/Jun/2026:17:28:42 -0300] "POST /caja/action.php HTTP/1.1" 200 14549 "https://meza.ar/caja/" "Mozilla/5.0 (Macintosh; Intel Mac OS X 10_15_7) AppleWebKit/605.1.15 (KHTML, like Gecko) Version/26.5 Safari/605.1.15"
181.90.212.138 - - [24/Jun/2026:17:28:48 -0300] "POST /caja/action.php HTTP/1.1" 200 15151 "https://meza.ar/caja/" "Mozilla/5.0 (Macintosh; Intel Mac OS X 10_15_7) AppleWebKit/605.1.15 (KHTML, like Gecko) Version/26.5 Safari/605.1.15"
191.82.245.172 - - [24/Jun/2026:17:28:51 -0300] "GET /caja/ HTTP/1.1" 200 11003 "-" "Mozilla/5.0 (Windows NT 10.0; Win64; x64) AppleWebKit/537.36 (KHTML, like Gecko) Chrome/149.0.0.0 Safari/537.36"
191.82.245.172 - - [24/Jun/2026:17:28:56 -0300] "GET /caja/ HTTP/1.1" 200 9591 "-" "Mozilla/5.0 (Windows NT 10.0; Win64; x64) AppleWebKit/537.36 (KHTML, like Gecko) Chrome/149.0.0.0 Safari/537.36"
191.82.245.172 - - [24/Jun/2026:17:29:23 -0300] "GET /caja/ HTTP/1.1" 200 11003 "-" "Mozilla/5.0 (Windows NT 10.0; Win64; x64) AppleWebKit/537.36 (KHTML, like Gecko) Chrome/149.0.0.0 Safari/537.36"
181.90.212.138 - - [24/Jun/2026:17:29:28 -0300] "POST /caja/action.php HTTP/1.1" 200 15386 "https://meza.ar/caja/" "Mozilla/5.0 (Macintosh; Intel Mac OS X 10_15_7) AppleWebKit/605.1.15 (KHTML, like Gecko) Version/26.5 Safari/605.1.15"
191.82.245.172 - - [24/Jun/2026:17:29:37 -0300] "GET /caja/ HTTP/1.1" 200 11024 "-" "Mozilla/5.0 (Windows NT 10.0; Win64; x64) AppleWebKit/537.36 (KHTML, like Gecko) Chrome/149.0.0.0 Safari/537.36"
191.82.245.172 - - [24/Jun/2026:17:29:37 -0300] "GET /caja/image/movement/mov_20260624194703_224fa62e.jpg HTTP/1.1" 304 272 "https://meza.ar/caja/" "Mozilla/5.0 (Windows NT 10.0; Win64; x64) AppleWebKit/537.36 (KHTML, like Gecko) Chrome/149.0.0.0 Safari/537.36"
191.82.245.172 - - [24/Jun/2026:17:30:01 -0300] "GET /caja/ HTTP/1.1" 200 11024 "-" "Mozilla/5.0 (Windows NT 10.0; Win64; x64) AppleWebKit/537.36 (KHTML, like Gecko) Chrome/149.0.0.0 Safari/537.36"
191.82.245.172 - - [24/Jun/2026:17:31:06 -0300] "GET /caja/ HTTP/1.1" 200 11024 "-" "Mozilla/5.0 (Windows NT 10.0; Win64; x64) AppleWebKit/537.36 (KHTML, like Gecko) Chrome/149.0.0.0 Safari/537.36"
181.90.212.138 - - [24/Jun/2026:17:31:20 -0300] "POST /caja/action.php HTTP/1.1" 200 15620 "https://meza.ar/caja/" "Mozilla/5.0 (Macintosh; Intel Mac OS X 10_15_7) AppleWebKit/605.1.15 (KHTML, like Gecko) Version/26.5 Safari/605.1.15"
191.82.245.172 - - [24/Jun/2026:17:31:21 -0300] "POST /caja/action.php HTTP/1.1" 200 7200 "https://meza.ar/caja/" "Mozilla/5.0 (Windows NT 10.0; Win64; x64) AppleWebKit/537.36 (KHTML, like Gecko) Chrome/149.0.0.0 Safari/537.36"
191.82.245.172 - - [24/Jun/2026:17:31:45 -0300] "POST /caja/action.php HTTP/1.1" 200 7200 "https://meza.ar/caja/" "Mozilla/5.0 (Windows NT 10.0; Win64; x64) AppleWebKit/537.36 (KHTML, like Gecko) Chrome/149.0.0.0 Safari/537.36"
191.82.245.172 - - [24/Jun/2026:17:31:54 -0300] "POST /caja/action.php HTTP/1.1" 200 24812 "https://meza.ar/caja/" "Mozilla/5.0 (Windows NT 10.0; Win64; x64) AppleWebKit/537.36 (KHTML, like Gecko) Chrome/149.0.0.0 Safari/537.36"
191.82.245.172 - - [24/Jun/2026:17:31:54 -0300] "GET /caja/image/movement/mov_20260623220627_2d82cc1a.jpg HTTP/1.1" 304 272 "https://meza.ar/caja/" "Mozilla/5.0 (Windows NT 10.0; Win64; x64) AppleWebKit/537.36 (KHTML, like Gecko) Chrome/149.0.0.0 Safari/537.36"
191.82.245.172 - - [24/Jun/2026:17:31:54 -0300] "GET /caja/image/movement/mov_20260618171108_3a56f2bf.jpg HTTP/1.1" 404 548 "https://meza.ar/caja/" "Mozilla/5.0 (Windows NT 10.0; Win64; x64) AppleWebKit/537.36 (KHTML, like Gecko) Chrome/149.0.0.0 Safari/537.36"
191.82.245.172 - - [24/Jun/2026:17:31:54 -0300] "GET /caja/image/movement/mov_20260618171032_a7ea2682.jpg HTTP/1.1" 404 1960 "https://meza.ar/caja/" "Mozilla/5.0 (Windows NT 10.0; Win64; x64) AppleWebKit/537.36 (KHTML, like Gecko) Chrome/149.0.0.0 Safari/537.36"
191.82.245.172 - - [24/Jun/2026:17:31:54 -0300] "GET /caja/image/movement/mov_20260619180843_61c90455.jpg HTTP/1.1" 404 1960 "https://meza.ar/caja/" "Mozilla/5.0 (Windows NT 10.0; Win64; x64) AppleWebKit/537.36 (KHTML, like Gecko) Chrome/149.0.0.0 Safari/537.36"
181.90.212.138 - - [24/Jun/2026:17:32:06 -0300] "POST /caja/action.php HTTP/1.1" 200 5267 "https://meza.ar/caja/" "Mozilla/5.0 (Macintosh; Intel Mac OS X 10_15_7) AppleWebKit/605.1.15 (KHTML, like Gecko) Version/26.5 Safari/605.1.15"
191.82.245.172 - - [24/Jun/2026:17:32:21 -0300] "GET /caja/ HTTP/1.1" 200 11039 "-" "Mozilla/5.0 (Windows NT 10.0; Win64; x64) AppleWebKit/537.36 (KHTML, like Gecko) Chrome/149.0.0.0 Safari/537.36"
191.82.245.172 - - [24/Jun/2026:17:32:32 -0300] "GET /caja/ HTTP/1.1" 200 11039 "-" "Mozilla/5.0 (Windows NT 10.0; Win64; x64) AppleWebKit/537.36 (KHTML, like Gecko) Chrome/149.0.0.0 Safari/537.36"
181.90.212.138 - - [24/Jun/2026:17:34:09 -0300] "POST /caja/action.php HTTP/1.1" 200 16119 "https://meza.ar/caja/" "Mozilla/5.0 (Macintosh; Intel Mac OS X 10_15_7) AppleWebKit/605.1.15 (KHTML, like Gecko) Version/26.5 Safari/605.1.15"
181.90.212.138 - - [24/Jun/2026:17:34:17 -0300] "POST /caja/action.php HTTP/1.1" 200 5267 "https://meza.ar/caja/" "Mozilla/5.0 (Macintosh; Intel Mac OS X 10_15_7) AppleWebKit/605.1.15 (KHTML, like Gecko) Version/26.5 Safari/605.1.15"
191.82.245.172 - - [24/Jun/2026:17:36:16 -0300] "GET /caja/ HTTP/1.1" 200 11074 "-" "Mozilla/5.0 (Windows NT 10.0; Win64; x64) AppleWebKit/537.36 (KHTML, like Gecko) Chrome/149.0.0.0 Safari/537.36"
191.82.245.172 - - [24/Jun/2026:17:36:17 -0300] "GET /caja/image/movement/mov_20260624194703_224fa62e.jpg HTTP/1.1" 304 272 "https://meza.ar/caja/" "Mozilla/5.0 (Windows NT 10.0; Win64; x64) AppleWebKit/537.36 (KHTML, like Gecko) Chrome/149.0.0.0 Safari/537.36"
181.90.212.138 - - [24/Jun/2026:17:38:01 -0300] "POST /caja/action.php HTTP/1.1" 200 5266 "https://meza.ar/caja/" "Mozilla/5.0 (Macintosh; Intel Mac OS X 10_15_7) AppleWebKit/605.1.15 (KHTML, like Gecko) Version/26.5 Safari/605.1.15"
181.90.212.138 - - [25/Jun/2026:19:07:58 -0300] "GET / HTTP/1.1" 500 3904 "-" "Mozilla/5.0 (Macintosh; Intel Mac OS X 10_15_7) AppleWebKit/605.1.15 (KHTML, like Gecko) Version/26.5 Safari/605.1.15"
181.90.212.138 - - [25/Jun/2026:19:07:58 -0300] "GET /favicon.ico HTTP/1.1" 404 4209 "https://meza.ar/" "Mozilla/5.0 (Macintosh; Intel Mac OS X 10_15_7) AppleWebKit/605.1.15 (KHTML, like Gecko) Version/26.5 Safari/605.1.15"
181.90.212.138 - - [25/Jun/2026:19:07:58 -0300] "GET /apple-touch-icon-precomposed.png HTTP/1.1" 404 4208 "-" "Mozilla/5.0 (Macintosh; Intel Mac OS X 10_15_7) AppleWebKit/605.1.15 (KHTML, like Gecko) Safari"
181.90.212.138 - - [25/Jun/2026:19:07:58 -0300] "GET /apple-touch-icon.png HTTP/1.1" 404 548 "-" "Mozilla/5.0 (Macintosh; Intel Mac OS X 10_15_7) AppleWebKit/605.1.15 (KHTML, like Gecko) Safari"
181.90.212.138 - - [25/Jun/2026:19:07:58 -0300] "GET /favicon.ico HTTP/1.1" 404 548 "-" "Mozilla/5.0 (Macintosh; Intel Mac OS X 10_15_7) AppleWebKit/605.1.15 (KHTML, like Gecko) Safari"
181.90.212.138 - - [25/Jun/2026:19:07:59 -0300] "GET /caja/ HTTP/1.1" 200 10931 "-" "Mozilla/5.0 (Macintosh; Intel Mac OS X 10_15_7) AppleWebKit/605.1.15 (KHTML, like Gecko) Version/26.5 Safari/605.1.15"
181.90.212.138 - - [25/Jun/2026:19:07:59 -0300] "GET /caja/caja.css?v=1782252703 HTTP/1.1" 200 5433 "https://meza.ar/caja/" "Mozilla/5.0 (Macintosh; Intel Mac OS X 10_15_7) AppleWebKit/605.1.15 (KHTML, like Gecko) Version/26.5 Safari/605.1.15"
181.90.212.138 - - [25/Jun/2026:19:07:59 -0300] "GET /caja/logo.png HTTP/1.1" 304 3931 "https://meza.ar/caja/" "Mozilla/5.0 (Macintosh; Intel Mac OS X 10_15_7) AppleWebKit/605.1.15 (KHTML, like Gecko) Version/26.5 Safari/605.1.15"
181.90.212.138 - - [25/Jun/2026:19:07:59 -0300] "GET /caja/caja.js?v=1782252703 HTTP/1.1" 200 21817 "https://meza.ar/caja/" "Mozilla/5.0 (Macintosh; Intel Mac OS X 10_15_7) AppleWebKit/605.1.15 (KHTML, like Gecko) Version/26.5 Safari/605.1.15"
181.90.212.138 - - [25/Jun/2026:19:07:59 -0300] "GET /caja/back.jpg HTTP/1.1" 304 3933 "https://meza.ar/caja/" "Mozilla/5.0 (Macintosh; Intel Mac OS X 10_15_7) AppleWebKit/605.1.15 (KHTML, like Gecko) Version/26.5 Safari/605.1.15"
181.90.212.138 - - [25/Jun/2026:19:07:59 -0300] "GET /apple-touch-icon-precomposed.png HTTP/1.1" 404 4208 "-" "com.apple.WebKit.Networking/21624.2.5.11.4 Network/5812.121.1 macOS/26.5.1"
181.90.212.138 - - [25/Jun/2026:19:07:59 -0300] "GET /apple-touch-icon.png HTTP/1.1" 404 4209 "-" "com.apple.WebKit.Networking/21624.2.5.11.4 Network/5812.121.1 macOS/26.5.1"
181.90.212.138 - - [25/Jun/2026:19:07:59 -0300] "GET /favicon.ico HTTP/1.1" 404 4208 "-" "com.apple.WebKit.Networking/21624.2.5.11.4 Network/5812.121.1 macOS/26.5.1"
181.90.212.138 - - [25/Jun/2026:19:07:59 -0300] "GET /caja/logo.png HTTP/1.1" 200 147826 "-" "com.apple.WebKit.Networking/21624.2.5.11.4 Network/5812.121.1 macOS/26.5.1"
191.82.245.172 - - [25/Jun/2026:19:13:41 -0300] "GET /caja/ HTTP/1.1" 200 10916 "-" "Mozilla/5.0 (Windows NT 10.0; Win64; x64) AppleWebKit/537.36 (KHTML, like Gecko) Chrome/149.0.0.0 Safari/537.36"
191.82.245.172 - - [25/Jun/2026:19:13:41 -0300] "GET /caja/ HTTP/1.1" 200 7272 "-" "Mozilla/5.0 (Windows NT 10.0; Win64; x64) AppleWebKit/537.36 (KHTML, like Gecko) Chrome/149.0.0.0 Safari/537.36"
191.82.245.172 - - [25/Jun/2026:19:13:41 -0300] "GET /caja/caja.css?v=1782252703 HTTP/1.1" 200 5433 "https://meza.ar/caja/" "Mozilla/5.0 (Windows NT 10.0; Win64; x64) AppleWebKit/537.36 (KHTML, like Gecko) Chrome/149.0.0.0 Safari/537.36"
191.82.245.172 - - [25/Jun/2026:19:13:41 -0300] "GET /caja/caja.js?v=1782252703 HTTP/1.1" 200 18157 "https://meza.ar/caja/" "Mozilla/5.0 (Windows NT 10.0; Win64; x64) AppleWebKit/537.36 (KHTML, like Gecko) Chrome/149.0.0.0 Safari/537.36"
191.82.245.172 - - [25/Jun/2026:19:13:41 -0300] "GET /caja/logo.png HTTP/1.1" 200 145578 "https://meza.ar/caja/" "Mozilla/5.0 (Windows NT 10.0; Win64; x64) AppleWebKit/537.36 (KHTML, like Gecko) Chrome/149.0.0.0 Safari/537.36"
191.82.245.172 - - [25/Jun/2026:19:13:41 -0300] "GET /caja/back.jpg HTTP/1.1" 200 84523 "https://meza.ar/caja/caja.css?v=1782252703" "Mozilla/5.0 (Windows NT 10.0; Win64; x64) AppleWebKit/537.36 (KHTML, like Gecko) Chrome/149.0.0.0 Safari/537.36"
191.82.245.172 - - [25/Jun/2026:19:17:36 -0300] "GET /caja/ HTTP/1.1" 200 8684 "-" "Mozilla/5.0 (Windows NT 10.0; Win64; x64) AppleWebKit/537.36 (KHTML, like Gecko) Chrome/149.0.0.0 Safari/537.36"
191.82.245.172 - - [25/Jun/2026:19:17:42 -0300] "POST /caja/action.php HTTP/1.1" 200 3308 "https://meza.ar/caja/" "Mozilla/5.0 (Windows NT 10.0; Win64; x64) AppleWebKit/537.36 (KHTML, like Gecko) Chrome/149.0.0.0 Safari/537.36"
181.90.212.138 - - [25/Jun/2026:19:19:24 -0300] "GET /caja/image/menu/menu_20260617175256_6f89baa1.jpg HTTP/1.1" 404 4209 "https://meza.ar/caja/" "Mozilla/5.0 (Macintosh; Intel Mac OS X 10_15_7) AppleWebKit/605.1.15 (KHTML, like Gecko) Version/26.5 Safari/605.1.15"
181.90.212.138 - - [25/Jun/2026:19:19:24 -0300] "GET /caja/image/menu/menu_20260616200157_d428be8a.jpg HTTP/1.1" 404 548 "https://meza.ar/caja/" "Mozilla/5.0 (Macintosh; Intel Mac OS X 10_15_7) AppleWebKit/605.1.15 (KHTML, like Gecko) Version/26.5 Safari/605.1.15"
181.90.212.138 - - [25/Jun/2026:19:19:24 -0300] "GET /caja/image/menu/menu_20260609225914_b34ee98e.jpg HTTP/1.1" 404 548 "https://meza.ar/caja/" "Mozilla/5.0 (Macintosh; Intel Mac OS X 10_15_7) AppleWebKit/605.1.15 (KHTML, like Gecko) Version/26.5 Safari/605.1.15"
181.90.212.138 - - [25/Jun/2026:19:19:24 -0300] "GET /caja/image/menu/menu_20260611185443_dbbdd655.jpg HTTP/1.1" 404 4208 "https://meza.ar/caja/" "Mozilla/5.0 (Macintosh; Intel Mac OS X 10_15_7) AppleWebKit/605.1.15 (KHTML, like Gecko) Version/26.5 Safari/605.1.15"
181.90.212.138 - - [25/Jun/2026:19:19:24 -0300] "GET /caja/image/menu/menu_20260611185706_f802ecc6.jpg HTTP/1.1" 404 4209 "https://meza.ar/caja/" "Mozilla/5.0 (Macintosh; Intel Mac OS X 10_15_7) AppleWebKit/605.1.15 (KHTML, like Gecko) Version/26.5 Safari/605.1.15"
181.90.212.138 - - [25/Jun/2026:19:19:24 -0300] "GET /caja/image/menu/menu_20260612193009_8415599d.webp HTTP/1.1" 404 548 "https://meza.ar/caja/" "Mozilla/5.0 (Macintosh; Intel Mac OS X 10_15_7) AppleWebKit/605.1.15 (KHTML, like Gecko) Version/26.5 Safari/605.1.15"
181.90.212.138 - - [25/Jun/2026:19:19:24 -0300] "GET /caja/image/menu/menu_20260612193345_b5572bb7.jpg HTTP/1.1" 404 548 "https://meza.ar/caja/" "Mozilla/5.0 (Macintosh; Intel Mac OS X 10_15_7) AppleWebKit/605.1.15 (KHTML, like Gecko) Version/26.5 Safari/605.1.15"
181.90.212.138 - - [25/Jun/2026:19:19:24 -0300] "GET /caja/image/menu/menu_20260618170634_494f6ae7.webp HTTP/1.1" 404 4209 "https://meza.ar/caja/" "Mozilla/5.0 (Macintosh; Intel Mac OS X 10_15_7) AppleWebKit/605.1.15 (KHTML, like Gecko) Version/26.5 Safari/605.1.15"
181.90.212.138 - - [25/Jun/2026:19:19:24 -0300] "GET /caja/image/menu/menu_20260617175017_366bdb85.jpg HTTP/1.1" 404 548 "https://meza.ar/caja/" "Mozilla/5.0 (Macintosh; Intel Mac OS X 10_15_7) AppleWebKit/605.1.15 (KHTML, like Gecko) Version/26.5 Safari/605.1.15"
181.90.212.138 - - [25/Jun/2026:19:19:24 -0300] "GET /caja/image/menu/menu_20260609161313_4a2631fe.jpg HTTP/1.1" 404 4208 "https://meza.ar/caja/" "Mozilla/5.0 (Macintosh; Intel Mac OS X 10_15_7) AppleWebKit/605.1.15 (KHTML, like Gecko) Version/26.5 Safari/605.1.15"
181.90.212.138 - - [25/Jun/2026:19:19:24 -0300] "GET /caja/image/menu/menu_20260610121041_603fae4b.jpg HTTP/1.1" 404 4207 "https://meza.ar/caja/" "Mozilla/5.0 (Macintosh; Intel Mac OS X 10_15_7) AppleWebKit/605.1.15 (KHTML, like Gecko) Version/26.5 Safari/605.1.15"
181.90.212.138 - - [25/Jun/2026:19:19:24 -0300] "GET /caja/image/menu/menu_20260611184847_1084fa80.webp HTTP/1.1" 404 548 "https://meza.ar/caja/" "Mozilla/5.0 (Macintosh; Intel Mac OS X 10_15_7) AppleWebKit/605.1.15 (KHTML, like Gecko) Version/26.5 Safari/605.1.15"
181.90.212.138 - - [25/Jun/2026:19:19:24 -0300] "GET /caja/image/menu/menu_20260608151050_24a134c5.jpg HTTP/1.1" 304 272 "https://meza.ar/caja/" "Mozilla/5.0 (Macintosh; Intel Mac OS X 10_15_7) AppleWebKit/605.1.15 (KHTML, like Gecko) Version/26.5 Safari/605.1.15"
181.90.212.138 - - [25/Jun/2026:19:19:24 -0300] "GET /caja/image/menu/menu_20260610120752_68799017.jpg HTTP/1.1" 404 548 "https://meza.ar/caja/" "Mozilla/5.0 (Macintosh; Intel Mac OS X 10_15_7) AppleWebKit/605.1.15 (KHTML, like Gecko) Version/26.5 Safari/605.1.15"
181.90.212.138 - - [25/Jun/2026:19:19:24 -0300] "GET /caja/image/menu/menu_20260608224036_8634df68.jpg HTTP/1.1" 304 272 "https://meza.ar/caja/" "Mozilla/5.0 (Macintosh; Intel Mac OS X 10_15_7) AppleWebKit/605.1.15 (KHTML, like Gecko) Version/26.5 Safari/605.1.15"
181.90.212.138 - - [25/Jun/2026:19:19:24 -0300] "GET /caja/image/menu/menu_20260608152954_741432ab.jpg HTTP/1.1" 304 272 "https://meza.ar/caja/" "Mozilla/5.0 (Macintosh; Intel Mac OS X 10_15_7) AppleWebKit/605.1.15 (KHTML, like Gecko) Version/26.5 Safari/605.1.15"
181.90.212.138 - - [25/Jun/2026:19:19:24 -0300] "GET /caja/image/menu/menu_20260608152349_10ea2d81.webp HTTP/1.1" 304 272 "https://meza.ar/caja/" "Mozilla/5.0 (Macintosh; Intel Mac OS X 10_15_7) AppleWebKit/605.1.15 (KHTML, like Gecko) Version/26.5 Safari/605.1.15"
181.90.212.138 - - [25/Jun/2026:19:19:24 -0300] "GET /caja/image/menu/menu_20260608154506_b12f6704.png HTTP/1.1" 304 272 "https://meza.ar/caja/" "Mozilla/5.0 (Macintosh; Intel Mac OS X 10_15_7) AppleWebKit/605.1.15 (KHTML, like Gecko) Version/26.5 Safari/605.1.15"
181.90.212.138 - - [25/Jun/2026:19:19:24 -0300] "GET /caja/image/menu/menu_20260608153412_d44b41b2.jpg HTTP/1.1" 304 272 "https://meza.ar/caja/" "Mozilla/5.0 (Macintosh; Intel Mac OS X 10_15_7) AppleWebKit/605.1.15 (KHTML, like Gecko) Version/26.5 Safari/605.1.15"
181.90.212.138 - - [25/Jun/2026:19:19:24 -0300] "GET /caja/image/menu/menu_20260608221351_2fdcc97b.webp HTTP/1.1" 304 270 "https://meza.ar/caja/" "Mozilla/5.0 (Macintosh; Intel Mac OS X 10_15_7) AppleWebKit/605.1.15 (KHTML, like Gecko) Version/26.5 Safari/605.1.15"
181.90.212.138 - - [25/Jun/2026:19:19:24 -0300] "GET /caja/image/menu/menu_20260606213348_66f819b2.jpg HTTP/1.1" 304 272 "https://meza.ar/caja/" "Mozilla/5.0 (Macintosh; Intel Mac OS X 10_15_7) AppleWebKit/605.1.15 (KHTML, like Gecko) Version/26.5 Safari/605.1.15"
181.90.212.138 - - [25/Jun/2026:19:19:24 -0300] "GET /caja/image/menu/menu_20260608221327_cf6b9a30.png HTTP/1.1" 304 272 "https://meza.ar/caja/" "Mozilla/5.0 (Macintosh; Intel Mac OS X 10_15_7) AppleWebKit/605.1.15 (KHTML, like Gecko) Version/26.5 Safari/605.1.15"
181.90.212.138 - - [25/Jun/2026:19:19:24 -0300] "GET /caja/image/menu/menu_20260608221309_6da3244f.jpg HTTP/1.1" 304 272 "https://meza.ar/caja/" "Mozilla/5.0 (Macintosh; Intel Mac OS X 10_15_7) AppleWebKit/605.1.15 (KHTML, like Gecko) Version/26.5 Safari/605.1.15"
181.90.212.138 - - [25/Jun/2026:19:19:24 -0300] "GET /caja/image/menu/menu_20260608153111_b9a5a7cf.jpg HTTP/1.1" 304 272 "https://meza.ar/caja/" "Mozilla/5.0 (Macintosh; Intel Mac OS X 10_15_7) AppleWebKit/605.1.15 (KHTML, like Gecko) Version/26.5 Safari/605.1.15"
191.82.245.172 - - [25/Jun/2026:19:20:22 -0300] "GET /caja/ HTTP/1.1" 200 8684 "-" "Mozilla/5.0 (Windows NT 10.0; Win64; x64) AppleWebKit/537.36 (KHTML, like Gecko) Chrome/149.0.0.0 Safari/537.36"
191.82.245.172 - - [25/Jun/2026:19:20:30 -0300] "GET /caja/ HTTP/1.1" 200 8684 "-" "Mozilla/5.0 (Windows NT 10.0; Win64; x64) AppleWebKit/537.36 (KHTML, like Gecko) Chrome/149.0.0.0 Safari/537.36"
176.65.139.236 - - [25/Jun/2026:19:20:44 -0300] "GET / HTTP/1.1" 500 2823 "-" "Mozilla/5.0 (Windows NT 10.0; Win64; x64) AppleWebKit/537.36 (KHTML, like Gecko) Chrome/147.0.0.0 Safari/537.36"
181.90.212.138 - - [25/Jun/2026:19:21:44 -0300] "POST /caja/action.php HTTP/1.1" 200 38761 "https://meza.ar/caja/" "Mozilla/5.0 (Macintosh; Intel Mac OS X 10_15_7) AppleWebKit/605.1.15 (KHTML, like Gecko) Version/26.5 Safari/605.1.15"
181.90.212.138 - - [25/Jun/2026:19:21:45 -0300] "GET /caja/image/menu/menu_20260617175256_6f89baa1.jpg HTTP/1.1" 404 548 "https://meza.ar/caja/" "Mozilla/5.0 (Macintosh; Intel Mac OS X 10_15_7) AppleWebKit/605.1.15 (KHTML, like Gecko) Version/26.5 Safari/605.1.15"
181.90.212.138 - - [25/Jun/2026:19:21:45 -0300] "GET /caja/image/menu/menu_20260616200157_d428be8a.jpg HTTP/1.1" 404 548 "https://meza.ar/caja/" "Mozilla/5.0 (Macintosh; Intel Mac OS X 10_15_7) AppleWebKit/605.1.15 (KHTML, like Gecko) Version/26.5 Safari/605.1.15"
181.90.212.138 - - [25/Jun/2026:19:21:45 -0300] "GET /caja/image/menu/menu_20260609225914_b34ee98e.jpg HTTP/1.1" 404 548 "https://meza.ar/caja/" "Mozilla/5.0 (Macintosh; Intel Mac OS X 10_15_7) AppleWebKit/605.1.15 (KHTML, like Gecko) Version/26.5 Safari/605.1.15"
181.90.212.138 - - [25/Jun/2026:19:21:45 -0300] "GET /caja/image/menu/menu_20260612193345_b5572bb7.jpg HTTP/1.1" 404 548 "https://meza.ar/caja/" "Mozilla/5.0 (Macintosh; Intel Mac OS X 10_15_7) AppleWebKit/605.1.15 (KHTML, like Gecko) Version/26.5 Safari/605.1.15"
181.90.212.138 - - [25/Jun/2026:19:21:45 -0300] "GET /caja/image/menu/menu_20260610121041_603fae4b.jpg HTTP/1.1" 404 4208 "https://meza.ar/caja/" "Mozilla/5.0 (Macintosh; Intel Mac OS X 10_15_7) AppleWebKit/605.1.15 (KHTML, like Gecko) Version/26.5 Safari/605.1.15"
181.90.212.138 - - [25/Jun/2026:19:21:45 -0300] "GET /caja/image/menu/menu_20260611185443_dbbdd655.jpg HTTP/1.1" 404 4208 "https://meza.ar/caja/" "Mozilla/5.0 (Macintosh; Intel Mac OS X 10_15_7) AppleWebKit/605.1.15 (KHTML, like Gecko) Version/26.5 Safari/605.1.15"
181.90.212.138 - - [25/Jun/2026:19:21:45 -0300] "GET /caja/image/menu/menu_20260612193009_8415599d.webp HTTP/1.1" 404 548 "https://meza.ar/caja/" "Mozilla/5.0 (Macintosh; Intel Mac OS X 10_15_7) AppleWebKit/605.1.15 (KHTML, like Gecko) Version/26.5 Safari/605.1.15"
181.90.212.138 - - [25/Jun/2026:19:21:45 -0300] "GET /caja/image/menu/menu_20260617175017_366bdb85.jpg HTTP/1.1" 404 548 "https://meza.ar/caja/" "Mozilla/5.0 (Macintosh; Intel Mac OS X 10_15_7) AppleWebKit/605.1.15 (KHTML, like Gecko) Version/26.5 Safari/605.1.15"
181.90.212.138 - - [25/Jun/2026:19:21:45 -0300] "GET /caja/image/menu/menu_20260618170634_494f6ae7.webp HTTP/1.1" 404 4207 "https://meza.ar/caja/" "Mozilla/5.0 (Macintosh; Intel Mac OS X 10_15_7) AppleWebKit/605.1.15 (KHTML, like Gecko) Version/26.5 Safari/605.1.15"
181.90.212.138 - - [25/Jun/2026:19:21:45 -0300] "GET /caja/image/menu/menu_20260611185706_f802ecc6.jpg HTTP/1.1" 404 4208 "https://meza.ar/caja/" "Mozilla/5.0 (Macintosh; Intel Mac OS X 10_15_7) AppleWebKit/605.1.15 (KHTML, like Gecko) Version/26.5 Safari/605.1.15"
181.90.212.138 - - [25/Jun/2026:19:21:45 -0300] "GET /caja/image/menu/menu_20260609161313_4a2631fe.jpg HTTP/1.1" 404 4208 "https://meza.ar/caja/" "Mozilla/5.0 (Macintosh; Intel Mac OS X 10_15_7) AppleWebKit/605.1.15 (KHTML, like Gecko) Version/26.5 Safari/605.1.15"
181.90.212.138 - - [25/Jun/2026:19:21:45 -0300] "GET /caja/image/menu/menu_20260611184847_1084fa80.webp HTTP/1.1" 404 548 "https://meza.ar/caja/" "Mozilla/5.0 (Macintosh; Intel Mac OS X 10_15_7) AppleWebKit/605.1.15 (KHTML, like Gecko) Version/26.5 Safari/605.1.15"
181.90.212.138 - - [25/Jun/2026:19:21:45 -0300] "GET /caja/image/menu/menu_20260610120752_68799017.jpg HTTP/1.1" 404 548 "https://meza.ar/caja/" "Mozilla/5.0 (Macintosh; Intel Mac OS X 10_15_7) AppleWebKit/605.1.15 (KHTML, like Gecko) Version/26.5 Safari/605.1.15"
191.82.245.172 - - [25/Jun/2026:19:22:31 -0300] "GET /caja/ HTTP/1.1" 200 8814 "-" "Mozilla/5.0 (Windows NT 10.0; Win64; x64) AppleWebKit/537.36 (KHTML, like Gecko) Chrome/149.0.0.0 Safari/537.36"
181.90.212.138 - - [25/Jun/2026:19:23:54 -0300] "POST /caja/action.php HTTP/1.1" 200 28085 "https://meza.ar/caja/" "Mozilla/5.0 (Macintosh; Intel Mac OS X 10_15_7) AppleWebKit/605.1.15 (KHTML, like Gecko) Version/26.5 Safari/605.1.15"
181.90.212.138 - - [25/Jun/2026:19:23:54 -0300] "GET /caja/image/movement/mov_20260625222354_6bc9f3cf.jpg HTTP/1.1" 200 147944 "https://meza.ar/caja/" "Mozilla/5.0 (Macintosh; Intel Mac OS X 10_15_7) AppleWebKit/605.1.15 (KHTML, like Gecko) Version/26.5 Safari/605.1.15"
191.82.245.172 - - [25/Jun/2026:19:23:54 -0300] "GET /caja/ HTTP/1.1" 200 8929 "-" "Mozilla/5.0 (Windows NT 10.0; Win64; x64) AppleWebKit/537.36 (KHTML, like Gecko) Chrome/149.0.0.0 Safari/537.36"
191.82.245.172 - - [25/Jun/2026:19:23:55 -0300] "GET /caja/image/movement/mov_20260625222354_6bc9f3cf.jpg HTTP/1.1" 200 147944 "https://meza.ar/caja/" "Mozilla/5.0 (Windows NT 10.0; Win64; x64) AppleWebKit/537.36 (KHTML, like Gecko) Chrome/149.0.0.0 Safari/537.36"
181.90.212.138 - - [25/Jun/2026:19:24:45 -0300] "POST /caja/action.php HTTP/1.1" 200 28388 "https://meza.ar/caja/" "Mozilla/5.0 (Macintosh; Intel Mac OS X 10_15_7) AppleWebKit/605.1.15 (KHTML, like Gecko) Version/26.5 Safari/605.1.15"
181.90.212.138 - - [25/Jun/2026:19:24:45 -0300] "GET /caja/image/movement/mov_20260625222445_6ecbf205.jpg HTTP/1.1" 200 130889 "https://meza.ar/caja/" "Mozilla/5.0 (Macintosh; Intel Mac OS X 10_15_7) AppleWebKit/605.1.15 (KHTML, like Gecko) Version/26.5 Safari/605.1.15"
191.82.245.172 - - [25/Jun/2026:19:24:58 -0300] "GET /caja/ HTTP/1.1" 200 8964 "-" "Mozilla/5.0 (Windows NT 10.0; Win64; x64) AppleWebKit/537.36 (KHTML, like Gecko) Chrome/149.0.0.0 Safari/537.36"
191.82.245.172 - - [25/Jun/2026:19:24:58 -0300] "GET /caja/image/movement/mov_20260625222354_6bc9f3cf.jpg HTTP/1.1" 304 272 "https://meza.ar/caja/" "Mozilla/5.0 (Windows NT 10.0; Win64; x64) AppleWebKit/537.36 (KHTML, like Gecko) Chrome/149.0.0.0 Safari/537.36"
191.82.245.172 - - [25/Jun/2026:19:24:58 -0300] "GET /caja/image/movement/mov_20260625222445_6ecbf205.jpg HTTP/1.1" 200 130887 "https://meza.ar/caja/" "Mozilla/5.0 (Windows NT 10.0; Win64; x64) AppleWebKit/537.36 (KHTML, like Gecko) Chrome/149.0.0.0 Safari/537.36"
181.90.212.138 - - [25/Jun/2026:19:24:59 -0300] "POST /caja/action.php HTTP/1.1" 200 4929 "https://meza.ar/caja/" "Mozilla/5.0 (Macintosh; Intel Mac OS X 10_15_7) AppleWebKit/605.1.15 (KHTML, like Gecko) Version/26.5 Safari/605.1.15"
